of 38/4 - 5/k.
2, 5
Suppose -25 = -5*j + 5*t, -5*j + 5 = -3*j + 3*t. Suppose y - j = 11. List the prime factors of y.
3, 5
Suppose 377 = 5*m - 48. What are the prime factors of m?
5, 17
Suppose -a + 80 = 4*v, -4*a + 2*v + 208 + 184 = 0. What are the prime factors of a?
2, 3
Let x be 1/((3 - 1) + -1). Suppose 0 = -o + 7 - x. Suppose 3*d - d - o = 0. List the prime factors of d.
3
Suppose -f = -0*f + 4*m - 24, 0 = 3*m. Suppose -3*p + 2*c + 3*c = -104, -p - c + f = 0. List the prime factors of p.
2, 7
List the prime factors of (193 - 0) + (-21 - -23).
3, 5, 13
Let k(l) = -l**3 + 6*l**2 - 4*l. Suppose -3*j + 20 = 2*j. List the prime factors of k(j).
2
Let u be (-3)/2 - 14/(-4). Suppose -u*q = -3*q + 4. List the prime factors of q.
2
Suppose 59*t - 288 = 57*t. What are the prime factors of t?
2, 3
Let v = -9 - 23. Let j = v - -47. List the prime factors of (-3)/(-6) - j/(-6).
3
Suppose -6 = 5*k - 1. Let m = k + 4. Suppose 5*s = -5*o + 5, m*o = s - 2*s + 5. List the prime factors of o.
2
Let s(d) = d - 6. Let y be s(0). Let p = 3 - y. What are the prime factors of p?
3
Let f(b) = -b**3 - 5*b**2 - 2*b - 8. Let l be f(-6). Suppose a - 6*a = -l. Suppose 2*k - k - a = 0. List the prime factors of k.
2
Let o be 145/7 + 4/14. Let d = o - 14. Suppose -l - 3 = -d. List the prime factors of l.
2
Let i(z) = z**2 + 8 + 1 - 6*z - 4*z. List the prime factors of i(10).
3
Suppose -2*z = 3*u - 127, -3*u - 3*z + 160 = 37. List the prime factors of u.
3, 5
Let k(i) be the second derivative of -i**4/12 - i**3/6 - i. Let l be k(-1). Suppose 16 = -4*y, -4*w - 4*y + l*y + 64 = 0. What are the prime factors of w?
2, 5
Suppose -2*o + 39 = o. What are the prime factors of o?
13
Suppose -2*l - 780 = -4*x + 2*l, 0 = x - 2*l - 197. What are the prime factors of x?
193
Suppose 57 = -0*h + h. What are the prime factors of h?
3, 19
Let g(z) = -2*z + 32. What are the prime factors of g(-11)?
2, 3
Let v(d) = -d**3 - 4*d**2 + 7*d + 4. Let g be v(-5). Let m = g + 15. List the prime factors of m.
3
Let k be (-4 + 4 - -44) + -2. Let t = k + -17. List the prime factors of t.
5
Let j be (-4)/(-3)*54/3. Suppose 3*s - 2*i = 58 + 18, 4*i = -2*s + j. List the prime factors of s.
2, 11
Let a = 43 - 21. Let h = a - 13. Suppose 2*u + 2*i = 1 + h, 33 = 3*u - 3*i. What are the prime factors of u?
2
What are the prime factors of (-4)/14 + (-30)/(-7)?
2
Suppose -4*k + 2*k = 0. Suppose -2*v - 4*x = -26, v + k*x - 12 = -3*x. List the prime factors of v.
3, 5
Suppose 0 = 5*x + c - 139, 0 = -4*x + 5*x + 3*c - 25. Suppose 0*s - x = -s. Suppose -4*k = 4*t - s, 2*k + t = 4*k + 1. What are the prime factors of k?
2
Let z = 45 - -18. What are the prime factors of z?
3, 7
What are the prime factors of 10/55 + 753/33?
23
Suppose -3*m + 47 = -2*m. What are the prime factors of m?
47
Suppose 5*i + 367 = 3*l, 4*i + 132 = l - 156. Let v = -37 - i. What are the prime factors of v?
2, 17
Let d(c) = 4*c**2 + 3*c. What are the prime factors of d(-3)?
3
Let j(q) = 55*q - 4. Let h be j(3). Suppose 20 = -3*o + h. Suppose 0 = -4*z - 11 + o. List the prime factors of z.
3
Suppose 2*n - 34 = 26. List the prime factors of n.
2, 3, 5
Suppose 5*z = 3*z + 4. Suppose z*b + 0*b - 10 = 0. Suppose -2*y - 28 = -2*f, -2*f + b*y + 31 = -0*y. List the prime factors of f.
13
Let n = 42 - 7. What are the prime factors of n?
5, 7
Let v = 95 + -53. Let s be 12/(-66) - (-24)/11. Suppose -s*o + v = o. List the prime factors of o.
2, 7
Let l(p) = -p + 9. Let r be l(-7). Suppose 2*o - r = -2. What are the prime factors of o?
7
Suppose -12 - 3 = -5*a, 4*a - 37 = -5*u. Let c = u + 0. What are the prime factors of c?
5
Let f = 27 - -9. What are the prime factors of f?
2, 3
Suppose 5*p = -3*f + 297, 4*p - 249 = -4*f + 139. Let d = f + -65. What are the prime factors of d?
29
Let s(d) = -d**3 + 7*d**2 - 4*d + 2. Suppose -5*r = -0*r - z - 118, 5*r - 4*z = 112. Let x be (-8)/r + (-38)/(-6). What are the prime factors of s(x)?
2, 7
Suppose -3*g + 5*g + 4*t - 52 = 0, -2*g + 3*t + 52 = 0. List the prime factors of g.
2, 13
Let c = 20 + -11. What are the prime factors of c?
3
Let c(l) = -2*l**3 - 5*l**2 - 2*l + 3. Let f be (-35)/11 + (-12)/(-66). What are the prime factors of c(f)?
2, 3
List the prime factors of 772/12 + 4/6.
5, 13
Let g be (5/4)/((-1)/(-4)). Suppose 10 = g*j, 6*y - 8 = 3*y - j. What are the prime factors of y?
2
Suppose -h - 32 = -5*i, -5*i - 10 + 36 = 2*h. Suppose -5*f - i*u + 97 = -2*u, 0 = f + 3*u - 26. List the prime factors of f.
17
Let o = 2 + 0. What are the prime factors of 3 + -2 - (-9 - o)?
2, 3
Suppose 5*f + 0*p - 27 = -p, f + 4*p = 13. Let g(l) = -5*l + 5. Let h be g(f). List the prime factors of ((-85)/h)/(2/8).
17
Let x be (-1)/(3/18*-2). Suppose x*c - 2*c = 2. What are the prime factors of c?
2
Suppose 0*w + 129 = 5*y - 3*w, y - 4*w = 36. What are the prime factors of y?
2, 3
Suppose 4*u = -8, -4*b - 2*u + 264 = 100. List the prime factors of b.
2, 3, 7
Let g = -19 + 18. What are the prime factors of 0 + g*(-21 + 2)?
19
Let r(t) be the first derivative of -7*t + 0*t - t**2 + 2 + 3*t. What are the prime factors of r(-7)?
2, 5
Suppose -6*j + 36 = -4*j. What are the prime factors of j?
2, 3
Let b = 19 - -16. What are the prime factors of b?
5, 7
Let o be 10/1 + 1 + -1. Let z = o - 3. List the prime factors of z.
7
Suppose -5*l + 0*l - 5 = -3*g, 4*g + 2 = -2*l. List the prime factors of 238/10 - l/5.
2, 3
Suppose 0 = d - 176 + 27. Suppose k = -2*t + 37, -2*k = 3*k + t - d. Suppose -u - 9 = -2*v - 0, 5*v - k = -4*u. What are the prime factors of v?
5
Let p(c) = c**2 + 3*c + 1. What are the prime factors of p(-8)?
41
Let z(c) be the third derivative of c**7/2520 + 19*c**5/120 - c**4/8 - 3*c**2. Let k(u) be the second derivative of z(u). List the prime factors of k(0).
19
Let l(m) = -m**3 + 7*m**2 - 8*m + 8. Let i be l(6). Let j be ((-15)/6)/(2/i). What are the prime factors of (4/j)/(2/5)?
2
Let c(q) = q**3 - 6*q**2 + 6*q - 4. Let g be c(4). Let b = -3 + 0. List the prime factors of (18/g)/(b/20).
2, 5
Suppose 0 = -4*v - 4*c + 12, 4*v - 2*c - 24 = 0. Suppose 0 = -3*f - 3*s + 18 - 3, 17 = 2*f - v*s. What are the prime factors of f?
2, 3
Let f = -10 + 9. Let d(i) = -20*i - 1. List the prime factors of d(f).
19
Let a(y) = -y**3 + 11*y**2 - 11*y. Suppose 0 = -4*t - 4*f + 36, 20 = 4*t - 4*f - 24. Let z be a(t). List the prime factors of z/4*30/(-25).
3
Let h be (-7 - -12)*(-4)/(-5). Suppose 162 = 3*r - 0*r. Suppose 0 = -q + 2*m + 18, -3*m + 7 = -h*q + r. What are the prime factors of q?
2
Let v = -36 - -52. Suppose 0 = 3*p + 12, -2*p - 5 = 2*i - 3. Suppose -v = -y - i*y. What are the prime factors of y?
2
Let h = 2 + -2. Let a = h + 2. What are the prime factors of (a/4)/((-2)/(-8))?
2
Let s(h) = -h**3 + 3 + 4*h**2 - 3*h**2 - 3*h**2. Suppose -3*g - 5 = 4. List the prime factors of s(g).
2, 3
Let w(l) = -l**3 + 20*l**2 - 17*l + 43. List the prime factors of w(19).
3
Let d = 10 - 7. Suppose 1 = 5*b + 4*s - 5, 5*b = d*s + 13. What are the prime factors of b?
2
Let w be ((-6)/(-3) + 18)/1. Let b be (w/35)/((-2)/(-7)). Suppose h + b*h - 6 = 0. List the prime factors of h.
2
Let o be 1 + -2 + -1*63. Let j = -14 - o. What are the prime factors of j?
2, 5
Suppose -i + 6 = -2*v, -5*i - 9 = -4*i + v. Let f be -1 + 2 + i - -1. What are the prime factors of f + -1 - (-16 - -2)?
11
Suppose 5*j = 15, -5*s - 2*j - 39 - 40 = 0. List the prime factors of -2*(1 + -2) - s.
19
Let n = 0 + 35. List the prime factors of n.
5, 7
Suppose -3*x + 56 - 5 = -3*p, 0 = p - 4. Suppose 1 = -4*m - 3*q + 15, 0 = 5*m + 2*q - x. What are the prime factors of m?
5
Let p(y) = -y**2 - 23*y + 1. What are the prime factors of p(-10)?
131
Let a = 1 + -6. Let c(f) = -f - 2. Let x be c(a). Suppose 0 = -5*l + g + 105, 4*g - 10 + 90 = x*l. List the prime factors of l.
2, 5
Let f(d) = -5*d - 4. What are the prime factors of f(-9)?
41
Suppose -3*n + 2*n = 1, -3*n + 15 = z. Let j = 37 - z. What are the prime factors of j?
19
List the prime factors of (3 + 0)/(3/(-1920)*-6).
2, 5
Let f(r) be the second derivative of -r**4/12 - 11*r**3/6 - 2*r**2 - 5*r. Let c(h) = -2*h**2 - 3*h - 1. Let n be c(-3). List the prime factors of f(n).
2, 3
Suppose 4*b - 4*t = -4, -4*b + 5 = t - 6. What are the prime factors of (4 + b)/((-4)/(-30))?
3, 5
Let n = -14 - -18. List the prime factors of 